7756?
1
What is the hundred thousands digit of 4879865?
8
What is the ten thousands digit of 8422276?
2
What is the units digit of 4061921?
1
What is the units digit of 5930124?
4
What is the hundreds digit of 5618247?
2
What is the hundred thousands digit of 435485?
4
What is the hundred thousands digit of 1045816?
0
What is the thousands digit of 4294658?
4
What is the millions digit of 4585987?
4
What is the hundred thousands digit of 870227?
8
What is the units digit of 2070923?
3
What is the units digit of 1597593?
3
What is the hundreds digit of 95557?
5
What is the ten thousands digit of 58997?
5
What is the hundred thousands digit of 2634883?
6
What is the ten thousands digit of 1221961?
2
What is the units digit of 22764523?
3
What is the tens digit of 4410954?
5
What is the tens digit of 1151956?
5
What is the hundreds digit of 6253999?
9
What is the millions digit of 5119203?
5
What is the thousands digit of 5464704?
4
What is the tens digit of 10499665?
6
What is the hundred thousands digit of 210022?
2
What is the hundreds digit of 16597043?
0
What is the units digit of 3036524?
4
What is the hundred thousands digit of 20231272?
2
What is the thousands digit of 6766969?
6
What is the units digit of 524537?
7
What is the hundreds digit of 3017648?
6
What is the hundred thousands digit of 4972419?
9
What is the hundreds digit of 48922?
9
What is the hundreds digit of 1565035?
0
What is the ten thousands digit of 13559118?
5
What is the thousands digit of 240457?
0
What is the tens digit of 2742480?
8
What is the tens digit of 28641380?
8
What is the millions digit of 2941226?
2
What is the millions digit of 3407171?
3
What is the hundred thousands digit of 228757?
2
What is the thousands digit of 640563?
0
What is the millions digit of 6943240?
6
What is the tens digit of 168583?
8
What is the hundred thousands digit of 1749045?
7
What is the tens digit of 134097?
9
What is the ten thousands digit of 29348495?
4
What is the thousands digit of 644746?
4
What is the hundreds digit of 16228775?
7
What is the thousands digit of 198947?
8
What is the hundreds digit of 1147506?
5
What is the hundred thousands digit of 208316?
2
What is the units digit of 178983?
3
What is the hundreds digit of 5699025?
0
What is the hundred thousands digit of 1462738?
4
What is the hundred thousands digit of 264379?
2
What is the tens digit of 60419?
1
What is the millions digit of 6191580?
6
What is the ten thousands digit of 303665?
0
What is the tens digit of 703712?
1
What is the units digit of 275025?
5
What is the units digit of 17761639?
9
What is the units digit of 2273079?
9
What is the tens digit of 5429854?
5
What is the ten thousands digit of 161598?
6
What is the ten thousands digit of 40933?
4
What is the ten thousands digit of 27318197?
1
What is the millions digit of 2215944?
2
What is the thousands digit of 160471?
0
What is the ten thousands digit of 1137860?
3
What is the tens digit of 7436186?
8
What is the ten thousands digit of 256648?
5
What is the ten thousands digit of 119471?
1
What is the hundreds digit of 282768?
7
What is the tens digit of 949986?
8
What is the thousands digit of 7823836?
3
What is the ten thousands digit of 313913?
1
What is the tens digit of 45700?
0
What is the tens digit of 1815840?
4
What is the units digit of 769788?
8
What is the units digit of 202407?
7
What is the thousands digit of 10854?
0
What is the hundred thousands digit of 411251?
4
What is the thousands digit of 609232?
9
What is the ten thousands digit of 38779?
3
What is the ten thousands digit of 277409?
7
What is the hundreds digit of 2832303?
3
What is the hundred thousands digit of 191668?
1
What is the units digit of 5236174?
4
What is the ten thousands digit of 6941968?
4
What is the hundred thousands digit of 5938255?
9
What is the hundred thousands digit of 181516?
1
What is the millions digit of 2798962?
2
What is the hundred thousands digit of 359011?
3
What is the units digit of 2131017?
7
What is the thousands digit of 3874222?
4
What is the hundreds digit of 873485?
4
What is the hundred thousands digit of 2712331?
7
What is the ten thousands digit of 1789515?
8
What is the ten thousands digit of 141430?
4
What is the units digit of 11063205?
5
What is the thousands digit of 7273626?
3
What is the hundreds digit of 708608?
6
What is the millions digit of 2272203?
2
What is the hundred thousands digit of 1225084?
2
What is the thousands digit of 19173?
9
What is the hundred thousands digit of 527949?
5
What is the tens digit of 288867?
6
What is the ten thousands digit of 76983?
7
What is the hundred thousands digit of 4057837?
0
What is the tens digit of 10467705?
0
What is the tens digit of 783190?
9
What is the hundred thousands digit of 4857286?
8
What is the units digit of 348952?
2
What is the thousands digit of 141128?
1
What is the tens digit of 29731?
3
What is the ten thousands digit of 34285500?
8
What is the thousands digit of 11615?
1
What is the hundreds digit of 22281727?
7
What is the ten thousands digit of 17180104?
8
What is the hundred thousands digit of 1206833?
2
What is the hundreds digit of 2465?
4
What is the millions digit of 1394518?
1
What is the thousands digit of 170168?
0
What is the thousands digit of 927033?
7
What is the hundred thousands digit of 1693146?
6
What is the ten thousands digit of 451189?
5
What is the units digit of 459986?
6
What is the units digit of 5336771?
1
What is the hundred thousands digit of 1108369?
1
What is the tens digit of 15932766?
6
What is the thousands digit of 1646237?
6
What is the units digit of 137241?
1
What is the hundreds digit of 131109?
1
What is the hundred thousands digit of 787108?
7
What is the thousands digit of 6017657?
7
What is the hundreds digit of 194988?
9
What is the units digit of 677285?
5
What is the thousands digit of 830105?
0
What is the thousands digit of 10465669?
5
What is the thousands digit of 178199?
8
What is the tens digit of 11673573?
7
What is the units digit of 6646026?
6
What is the ten thousands digit of 1015112?
1
What is the ten thousands digit of 237111?
3
What is the tens digit of 12414130?
3
What is the units digit of 9579205?
5
What is the ten thousands digit of 2665882?
6
What is the hundreds digit of 7465744?
7
What is the thousands digit of 3570251?
0
What is the units digit of 950922?
2
What is the units digit of 1154022?
2
What is the tens digit of 43756?
5
What is the millions digit of 1005645?
1
What is the thousands digit of 42937?
2
What is the tens digit of 756217?
1
What is the hundreds digit of 12321030?
0
What is the units digit of 428427?
7
What is the tens digit of 13230651?
5
What is the units digit of 1196930?
0
What is the hundred thousands digit of 299828?
2
What is the tens digit of 438167?
6
What is the tens digit of 923814?
1
What is the tens digit of 677589?
8
What is the hundreds digit of 554597?
5
What is the units digit of 275877?
7
What is the ten thousands digit of 5272410?
7
What is the thousands digit of 1377195?
7
What is the ten thousands digit of 570151?
7
What is the millions digit of 11315401?
1
What is the thousands digit of 6593948?
3
What is the units digit of 147948?
8
What is the millions digit of 7450460?
7
What is the units digit of 2210003?
3
What is the tens digit of 26624091?
9
What is the tens digit of 702286?
8
What is the units digit of 18615551?
1
What is the units digit of 3565221?
1
What is the hundred thousands digit of 19869116?
8
What is the tens digit of 209942?
4
What is the tens digit of 1625371?
7
What is the tens digit of 2310949?
4
What is the hundred thousands digit of 490888?
4
What is the thousands digit of 179297?
9
What is the units digit of 45854?
4
What is the thousands digit of 3536323?
6
What is the ten thousands digit of 9619124?
1
What is the ten thousands digit of 303106?
0
What is the ten millions digit of 14434891?
1
What is the millions digit of 27267206?
7
What is the thousands digit of 736500?
6
What is the millions digit of 4034265?
4
What is the ten thousands digit of 81011?
8
What is the thousands digit of 172252?
2
What is the tens digit of 61329?
2
What is the thousands digit of 11456569?
6
What is the ten thousands digit of 1152431?
5